 base 11.
-164395
Convert 11292631 (base 10) to base 6.
1042012411
What is 11010111111000111000111 (base 2) in base 12?
2451a87
What is -13540252 (base 6) in base 12?
-1a4688
What is a7895 (base 12) in base 4?
311320301
What is -ecd9e (base 15) in base 4?
-2313223010
Convert 156308 (base 11) to base 12.
b8499
Convert -1516600 (base 7) to base 6.
-4231421
Convert 866865 (base 10) to base 8.
3235061
20002002202221 (base 3) to base 15
43c0aa
-108850 (base 9) to base 13
-23b02
What is -1125130510 (base 6) in base 12?
-4259a36
74d3b9 (base 15) to base 13
11ca036
What is -3155130 (base 6) in base 16?
-25ede
What is 34023615 (base 7) in base 15?
3d345c
55432020 (base 6) to base 4
12113110230
20031150 (base 6) to base 13
16996b
Convert 12922a3 (base 13) to base 6.
324552445
What is 584c (base 13) in base 12?
7215
What is -200422132 (base 5) in base 14?
-169b88
What is 8977632 (base 10) in base 6?
520231040
-428eb4 (base 16) to base 3
-22012121102011
Convert -53408 (base 10) to base 15.
-10c58
Convert 1029392 (base 12) to base 9.
5647862
-2001021111 (base 3) to base 7
-225325
413242201 (base 5) to base 13
47529c
Convert 110403210 (base 5) to base 3.
220110202000
20211122102 (base 3) to base 2
100000110111001110
What is -3928b (base 12) in base 2?
-10011000101001011
What is -110001000011101000 (base 2) in base 7?
-1464551
What is 2e149 (base 15) in base 10?
148794
12302555 (base 6) to base 2
1100000111110100111
2204311 (base 8) to base 13
179651
What is 110122233203 (base 4) in base 11?
3026396
-23331201210 (base 4) to base 8
-13754144
What is -1000010100001010101111 (base 2) in base 10?
-2179759
Convert 216525 (base 8) to base 3.
10201012101
What is 2921bb (base 13) in base 12?
405280
Convert 2002060 (base 7) to base 11.
15136a
-145d55 (base 16) to base 4
-11011311111
What is -13033023 (base 4) in base 8?
-71713
Convert -4684274 (base 9) to base 15.
-3514b1
Convert -4431412 (base 7) to base 3.
-1000201101111
Convert 294 (base 12) to base 3.
112211
What is -10010111001111111101 (base 2) in base 3?
-1011110211002
What is 158cb4 (base 14) in base 13?
205492
-3d5d8 (base 15) to base 9
-330305
Convert 13355243 (base 6) to base 5.
103412031
What is b8278 (base 12) in base 14?
64432
What is 51400005 (base 7) in base 16?
41a705
104434150 (base 6) to base 10
1902162
Convert -3356522 (base 9) to base 3.
-10101220120202
22111201010 (base 3) to base 14
45053
Convert -673544 (base 9) to base 6.
-12345021
-5039 (base 10) to base 14
-1b9d
21100200101221 (base 3) to base 13
a6bcc4
Convert -143441 (base 10) to base 13.
-5039c
What is -376765 (base 10) in base 8?
-1337675
What is -1681288 (base 11) in base 7?
-33165316
1421440 (base 6) to base 15
18dc6
Convert -1365052 (base 7) to base 5.
-21343403
Convert 144863 (base 10) to base 5.
14113423
749 (base 13) to base 15
57e
116a354 (base 11) to base 12
82123a
What is 54410051 (base 6) in base 15?
21e95a
Convert 100100000000010110 (base 2) to base 10.
147478
1001011112100 (base 3) to base 8
2072673
What is 10201 (base 15) in base 10?
51076
What is 5040513 (base 7) in base 14?
117d7a
-10284ba (base 12) to base 5
-1234320443
Convert -152752 (base 8) to base 16.
-d5ea
12112101 (base 4) to base 13
bab1
-8746 (base 16) to base 12
-1805a
What is 1001011010111101001 (base 2) in base 9?
520424
-2421222 (base 8) to base 7
-5434321
Convert 632502 (base 8) to base 11.
133a5a
-a8655 (base 11) to base 3
-22000112002
-100220202022 (base 3) to base 6
-4103355
-121001211101 (base 3) to base 8
-1151545
Convert -231101 (base 5) to base 14.
-3032
5114120 (base 6) to base 4
323121000
Convert -3234202 (base 5) to base 13.
-1c393
Convert 21122120210 (base 3) to base 2.
100100110001001000
What is -22a783 (base 11) in base 7?
-3051661
Convert 659763 (base 11) to base 12.
429046
What is -1100001100101101111 (base 2) in base 7?
-3253246
Convert 102202012100 (base 3) to base 2.
111000011101000101
Convert -3311531 (base 7) to base 3.
-202122110002
What is -60164 (base 12) in base 14?
-335c8
31b495 (base 12) to base 3
1110222110112
10321232012 (base 4) to base 10
1284998
Convert -83661 (base 12) to base 3.
-22201221201
-6474700 (base 9) to base 11
-1a63291
1110001010011011100 (base 2) to base 11
297752
600247 (base 8) to base 2
110000000010100111
What is 10205324 (base 7) in base 15?
11e7e2
Convert 20212212020 (base 3) to base 4.
201011010
c04316 (base 13) to base 16
4420be
Convert 831f3 (base 16) to base 11.
337570
1b899 (base 13) to base 5
3213311
What is -13546321 (base 7) in base 2?
-100110110101000011101
13001320002 (base 4) to base 11
1049493
Convert -657c (base 14) to base 6.
-213134
-996519 (base 10) to base 8
-3632247
-38a829 (base 11) to base 13
-186982
What is 1a0882 (base 14) in base 2?
11100001100000010010
What is 9c263 (base 15) in base 6?
14351220
120002121212 (base 3) to base 15
5d0a8
What is 2c32cc (base 13) in base 6?
35225251
What is 1138 (base 14) in base 8?
5656
Convert 22b3b7 (base 12) to base 14.
107883
-12553334 (base 6) to base 8
-1463072
What is 1061251 (base 7) in base 8?
402664
-333220011 (base 4) to base 2
-111111101000000101
What is 13010223 (base 5) in base 16?
1eaf8
Convert 85128 (base 10) to base 15.
1a353
Convert d812b (base 14) to base 2.
1111111010101111011
Convert -80360 (base 11) to base 14.
-30bad
Convert bed0d (base 16) to base 2.
10111110110100001101
What is 17a71c (base 14) in base 3?
1120110012012
Convert 1201020112111 (base 3) to base 4.
3132031213
What is 100201100210222 (base 3) in base 15?
6c0185
11010100011101000 (base 2) to base 5
11440101
-9ae2 (base 15) to base 10
-32837
Convert 113211032 (base 4) to base 14.
272b4
Convert 1311516 (base 9) to base 12.
2a6636
133113103 (base 4) to base 6
2430431
What is 2342113 (base 6) in base 4?
131312331
Convert 8318325 (base 9) to base 11.
2563927
What is -e972d (base 15) in base 3?
-1101122002221
Convert 102531244 (base 6) to base 10.
1816012
What is 1032322133 (base 4) in base 5?
40320411
Convert 3665304 (base 12) to base 13.
22678a5
-100000100010100010100 (base 2) to base 12
-435070
Convert 10001111101110000010 (base 2) to base 15.
b964e
Convert 2120021001 (base 3) to base 2.
1100010100111011
Convert 288313 (base 9) to base 10.
176673
What is -9168193 (base 10) in base 8?
-42762501
What is 85009 (base 14) in base 5?
40233212
Convert -4111342 (base 8) to base 2.
-100001001001011100010
What is 10238 (base 13) in base 8?
70422
431400430 (base 5) to base 2
110111101100101011011
5037537 (base 8) to base 12
53baa7
-7154353 (base 8) to base 11
-1081432
What is -3443246 (base 9) in base 6?
-103503110
What is -1003105031 (base 6) in base 7?
-152631661
-a0d16 (base 15) to base 9
-855433
What is -252425432 (base 6) in base 13?
-1021619
Convert 132021034 (base 6) to base 13.
707695
-747674 (base 8) to base 15
-4e028
Convert -2112010101222 (base 3) to base 10.
-1340927
Convert 891c (base 16) to base 3.
1210011000
What is 2218693 (base 10) in base 15?
2dc5cd
What is -3430531 (base 7) in base 3?
-210201121201
What is 479150 (base 13) in base 3?
10012121222002
What is 13766207 (base 8) in base 9?
5816254
354234 (base 6) to base 7
155461
What is -10111001101100010010100 (base 2) in base 10?
-6084756
6670336 (base 9) to base 15
4ad6b3
Convert 123ab1 (base 13) to base 12.
190974
What is -373250 (base 8) in base 13?
-46756
-5153224 (base 6) to base 16
-3c9d0
245404 (base 7) to base 12
22151
Convert -3304c6 (base 13) to base 8.
-4450420
Convert 36a80a (base 14) to base 12.
763aa2
-117a8 (base 16) to base 5
-4242332
3302b7 (base 13) to base 14
23349c
Convert -75c8 (base 14) to base 8.
-47614
-138217 (base 9) to base 3
-11022020121
What is 119041 (base 10) in base 7?
1004026
Convert -320222233201 (base 4) to base 6.
-1250221441
What is -103304443 (base 5) in base 13?
-1288bc
Convert -211103312 (base 4) to base 12.
-74532
Convert -20102001101 (base 4) to base 11.
-1253091
Convert 1000110000010011 (base 2) to base 11.
24a3a
124258 (base 9) to base 4
102120212
Convert -13672115 (base 8) to base 4.
-23313101031
2101000102010 (base 3) to base 10
1260012
What is 2923991 (base 10) in base 5?
1222031431
Convert -1613207 (base 11) to base 12.
-b0b412
What is -1178884 (base 9) in base 10?
-642973
Convert 533204 (base 7) to base 16.
168d1
What is -a117ab (base 14) in base 12?
-1995137
Conver